{"id":385,"date":"2025-01-27T19:56:28","date_gmt":"2025-01-27T19:56:28","guid":{"rendered":"https:\/\/web.gsasites.com.br\/equipamentosipiranga\/produto\/squat-belt-premium-plate-loaded\/"},"modified":"2025-10-24T22:19:14","modified_gmt":"2025-10-24T22:19:14","slug":"squat-belt-premium-plate-loaded","status":"publish","type":"product","link":"https:\/\/web.gsasites.com.br\/equipamentosipiranga\/produto\/squat-belt-premium-plate-loaded\/","title":{"rendered":"Squat belt premium Sum\u00f4 e PARALELA"},"content":{"rendered":"<p>Agachamento Sum\u00f4: Pot\u00eancia, Conforto e Performance O agachamento sum\u00f4 \u00e9 uma excelente escolha para quem busca evolu\u00e7\u00e3o f\u00edsica com seguran\u00e7a e versatilidade. Ele oferece benef\u00edcios reais para seus alunos, desde iniciantes at\u00e9 os mais experientes. Principais vantagens do agachamento sum\u00f4: Fortalecimento muscular: Aciona intensamente pernas, gl\u00fateos, abd\u00f4men e regi\u00e3o lombar.<\/p>\n<p>Hipertrofia eficiente: Foco especial nos quadr\u00edceps, promovendo ganho de massa muscular na parte frontal das coxas. Mais flexibilidade: Trabalha a mobilidade dos quadris e articula\u00e7\u00f5es, favorecendo a execu\u00e7\u00e3o de outros movimentos. Condicionamento f\u00edsico: Ideal para treinos funcionais, melhora resist\u00eancia e for\u00e7a geral.<\/p>\n<p>Mais conforto nos treinos: Excelente op\u00e7\u00e3o para quem possui encurtamentos musculares nos membros inferiores. Equipamento completo com varia\u00e7\u00e3o para paralela tr\u00edceps Al\u00e9m do agachamento sum\u00f4, este equipamento inclui a funcionalidade de paralela tr\u00edceps, um movimento poderoso para membros superiores. Benef\u00edcios dos mergulhos na paralela: Ativa\u00e7\u00e3o dos peitorais e dos deltoides anteriores (ombros) Possibilidade de uso de cintur\u00e3o com sobrecarga para treinos avan\u00e7ados Movimentos est\u00e1veis e seguros para resultados expressivos Detalhes t\u00e9cnicos do equipamento Caracter\u00edstica Descri\u00e7\u00e3o Estrutura Tubos de 80&#215;40 mm com espessura de parede entre 3 mm a 4 mm Anilheiros Ol\u00edmpicos ou Standard (opcionais), fabricados em a\u00e7o inox Pintura Eletrost\u00e1tica a p\u00f3, de alta durabilidade Acabamentos Poliuretano de alta qualidade Quer transformar a experi\u00eancia dos seus alunos com um equipamento robusto, vers\u00e1til e com foco em resultado?<\/p>\n","protected":false},"excerpt":{"rendered":"<p>Ideal para academias profissionais e atletas que buscam equipamentos vers\u00e1teis, robustos e altamente eficazes. N\u00e3o perca a chance de otimizar seu espa\u00e7o e potencializar os resultados!<\/p>\n","protected":false},"featured_media":3746,"template":"","meta":{"_jf_save_progress":""},"product_brand":[],"product_cat":[27],"product_tag":[],"class_list":{"0":"post-385","1":"product","2":"type-product","3":"status-publish","4":"has-post-thumbnail","6":"product_cat-robotica-alta-performance","8":"first","9":"instock","10":"purchasable","11":"product-type-simple"},"_links":{"self":[{"href":"https:\/\/web.gsasites.com.br\/equipamentosipiranga\/wp-json\/wp\/v2\/product\/385","targetHints":{"allow":["GET"]}}],"collection":[{"href":"https:\/\/web.gsasites.com.br\/equipamentosipiranga\/wp-json\/wp\/v2\/product"}],"about":[{"href":"https:\/\/web.gsasites.com.br\/equipamentosipiranga\/wp-json\/wp\/v2\/types\/product"}],"wp:featuredmedia":[{"embeddable":true,"href":"https:\/\/web.gsasites.com.br\/equipamentosipiranga\/wp-json\/wp\/v2\/media\/3746"}],"wp:attachment":[{"href":"https:\/\/web.gsasites.com.br\/equipamentosipiranga\/wp-json\/wp\/v2\/media?parent=385"}],"wp:term":[{"taxonomy":"product_brand","embeddable":true,"href":"https:\/\/web.gsasites.com.br\/equipamentosipiranga\/wp-json\/wp\/v2\/product_brand?post=385"},{"taxonomy":"product_cat","embeddable":true,"href":"https:\/\/web.gsasites.com.br\/equipamentosipiranga\/wp-json\/wp\/v2\/product_cat?post=385"},{"taxonomy":"product_tag","embeddable":true,"href":"https:\/\/web.gsasites.com.br\/equipamentosipiranga\/wp-json\/wp\/v2\/product_tag?post=385"}],"curies":[{"name":"wp","href":"https:\/\/api.w.org\/{rel}","templated":true}]}}