{"id":396,"date":"2025-01-27T19:56:28","date_gmt":"2025-01-27T19:56:28","guid":{"rendered":"https:\/\/web.gsasites.com.br\/equipamentosipiranga\/produto\/banco-desenvolvimento-de-ombros-com-4-torres-militar-livre\/"},"modified":"2025-10-24T22:19:15","modified_gmt":"2025-10-24T22:19:15","slug":"banco-desenvolvimento-de-ombros-com-4-torres-militar-livre","status":"publish","type":"product","link":"https:\/\/web.gsasites.com.br\/equipamentosipiranga\/produto\/banco-desenvolvimento-de-ombros-com-4-torres-militar-livre\/","title":{"rendered":"Banco desenvolvimento de ombros com 4 torres militar livre"},"content":{"rendered":"<p>Os benef\u00edcios do desenvolvimento militar para ombros incluem: Fortalecimento dos deltoides: O desenvolvimento militar \u00e9 eficaz para aumentar a for\u00e7a e a massa muscular dos deltoides, especialmente a por\u00e7\u00e3o anterior.<\/p>\n<p>Trabalho sin\u00e9rgico: Ativa m\u00fasculos auxiliares como tr\u00edceps e trap\u00e9zio, melhorando a estabilidade e a funcionalidade dos ombros.<\/p>\n<p>Estabilidade e postura: Ajuda a melhorar a postura e a estabilidade dos ombros, essenciais para atividades que envolvem levantar e empurrar.<\/p>\n","protected":false},"excerpt":{"rendered":"<p>Os benef\u00edcios do desenvolvimento militar para ombros incluem: Fortalecimento dos deltoides: O desenvolvimento militar \u00e9 eficaz para aumentar a for\u00e7a e a massa muscular dos deltoides, especialmente a por\u00e7\u00e3o anterior. Trabalho sin\u00e9rgico: Ativa m\u00fasculos auxiliares como tr\u00edceps e trap\u00e9zio, melhorando a estabilidade e a funcionalidade dos ombros. Estabilidade e postura: Ajuda a melhorar a postura [&hellip;]<\/p>\n","protected":false},"featured_media":3810,"template":"","meta":{"_jf_save_progress":""},"product_brand":[],"product_cat":[26],"product_tag":[],"class_list":{"0":"post-396","1":"product","2":"type-product","3":"status-publish","4":"has-post-thumbnail","6":"product_cat-peso-livre","8":"first","9":"instock","10":"purchasable","11":"product-type-simple"},"_links":{"self":[{"href":"https:\/\/web.gsasites.com.br\/equipamentosipiranga\/wp-json\/wp\/v2\/product\/396","targetHints":{"allow":["GET"]}}],"collection":[{"href":"https:\/\/web.gsasites.com.br\/equipamentosipiranga\/wp-json\/wp\/v2\/product"}],"about":[{"href":"https:\/\/web.gsasites.com.br\/equipamentosipiranga\/wp-json\/wp\/v2\/types\/product"}],"wp:featuredmedia":[{"embeddable":true,"href":"https:\/\/web.gsasites.com.br\/equipamentosipiranga\/wp-json\/wp\/v2\/media\/3810"}],"wp:attachment":[{"href":"https:\/\/web.gsasites.com.br\/equipamentosipiranga\/wp-json\/wp\/v2\/media?parent=396"}],"wp:term":[{"taxonomy":"product_brand","embeddable":true,"href":"https:\/\/web.gsasites.com.br\/equipamentosipiranga\/wp-json\/wp\/v2\/product_brand?post=396"},{"taxonomy":"product_cat","embeddable":true,"href":"https:\/\/web.gsasites.com.br\/equipamentosipiranga\/wp-json\/wp\/v2\/product_cat?post=396"},{"taxonomy":"product_tag","embeddable":true,"href":"https:\/\/web.gsasites.com.br\/equipamentosipiranga\/wp-json\/wp\/v2\/product_tag?post=396"}],"curies":[{"name":"wp","href":"https:\/\/api.w.org\/{rel}","templated":true}]}}