{"id":398,"date":"2025-01-27T19:56:30","date_gmt":"2025-01-27T19:56:30","guid":{"rendered":"https:\/\/web.gsasites.com.br\/equipamentosipiranga\/produto\/banco-regulavel-reto-e-inclinado-rog-premium\/"},"modified":"2025-10-24T22:19:15","modified_gmt":"2025-10-24T22:19:15","slug":"banco-regulavel-reto-e-inclinado-rog-premium","status":"publish","type":"product","link":"https:\/\/web.gsasites.com.br\/equipamentosipiranga\/produto\/banco-regulavel-reto-e-inclinado-rog-premium\/","title":{"rendered":"Banco regul\u00e1vel reto e inclinado  &#8211; premium"},"content":{"rendered":"<p>Banco Regul\u00e1vel IPIRANGA \u2013 Pot\u00eancia, Conforto e Design em Um S\u00f3 Produto Voc\u00ea est\u00e1 prestes a conhecer o melhor banco regul\u00e1vel que j\u00e1 viu.<\/p>\n<p>Sabemos o quanto esse equipamento \u00e9 essencial nos treinos de academia \u2014 por isso, ele precisa ser imbat\u00edvel em resist\u00eancia, conforto e design.<\/p>\n<p>Apresentamos o novo Banco Regul\u00e1vel IPIRANGA: O banco mais refor\u00e7ado do mercado!<\/p>\n","protected":false},"excerpt":{"rendered":"<p>Multiplas Regulagens e Robustez, \u00e9 nesse produtoq ue voce encontra. Pe\u00e7a Ja o seu.<\/p>\n","protected":false},"featured_media":3797,"template":"","meta":{"_jf_save_progress":""},"product_brand":[],"product_cat":[26],"product_tag":[],"class_list":{"0":"post-398","1":"product","2":"type-product","3":"status-publish","4":"has-post-thumbnail","6":"product_cat-peso-livre","8":"first","9":"instock","10":"purchasable","11":"product-type-simple"},"_links":{"self":[{"href":"https:\/\/web.gsasites.com.br\/equipamentosipiranga\/wp-json\/wp\/v2\/product\/398","targetHints":{"allow":["GET"]}}],"collection":[{"href":"https:\/\/web.gsasites.com.br\/equipamentosipiranga\/wp-json\/wp\/v2\/product"}],"about":[{"href":"https:\/\/web.gsasites.com.br\/equipamentosipiranga\/wp-json\/wp\/v2\/types\/product"}],"wp:featuredmedia":[{"embeddable":true,"href":"https:\/\/web.gsasites.com.br\/equipamentosipiranga\/wp-json\/wp\/v2\/media\/3797"}],"wp:attachment":[{"href":"https:\/\/web.gsasites.com.br\/equipamentosipiranga\/wp-json\/wp\/v2\/media?parent=398"}],"wp:term":[{"taxonomy":"product_brand","embeddable":true,"href":"https:\/\/web.gsasites.com.br\/equipamentosipiranga\/wp-json\/wp\/v2\/product_brand?post=398"},{"taxonomy":"product_cat","embeddable":true,"href":"https:\/\/web.gsasites.com.br\/equipamentosipiranga\/wp-json\/wp\/v2\/product_cat?post=398"},{"taxonomy":"product_tag","embeddable":true,"href":"https:\/\/web.gsasites.com.br\/equipamentosipiranga\/wp-json\/wp\/v2\/product_tag?post=398"}],"curies":[{"name":"wp","href":"https:\/\/api.w.org\/{rel}","templated":true}]}}