{"id":402,"date":"2025-01-27T19:56:30","date_gmt":"2025-01-27T19:56:30","guid":{"rendered":"https:\/\/web.gsasites.com.br\/equipamentosipiranga\/produto\/cavalete-pelvica-c-regulagem-e-encosto-movel\/"},"modified":"2025-10-24T22:19:15","modified_gmt":"2025-10-24T22:19:15","slug":"cavalete-pelvica-c-regulagem-e-encosto-movel","status":"publish","type":"product","link":"https:\/\/web.gsasites.com.br\/equipamentosipiranga\/produto\/cavalete-pelvica-c-regulagem-e-encosto-movel\/","title":{"rendered":"Cavalete P\u00e9lvica regul\u00e1vel e encosto m\u00f3vel"},"content":{"rendered":"<p>Equipamento Profissional para Academias \u2014 M\u00e1xima Performance e Conforto Transforme a experi\u00eancia dos seus alunos com um banco desenvolvido para atender os padr\u00f5es mais exigentes de ergonomia, seguran\u00e7a e durabilidade. Design anat\u00f4mico e confort\u00e1vel: Encosto estofado com formato ergon\u00f4mico e flex\u00edvel, oferecendo maior estabilidade e evitando desconfortos durante a execu\u00e7\u00e3o dos exerc\u00edcios.<\/p>\n<p>Plataforma antiderrapante refor\u00e7ada: Base para os p\u00e9s com acabamento emborrachado e ampla \u00e1rea de apoio, garantindo m\u00e1xima seguran\u00e7a e firmeza. Versatilidade nos ajustes: Diversos n\u00edveis de regulagem de altura da barra e 3 pinos para aplica\u00e7\u00e3o de tens\u00f5es el\u00e1sticas, proporcionando varia\u00e7\u00f5es no treinamento e adapta\u00e7\u00e3o a diferentes perfis de aluno.<\/p>\n<p>Estofamento de alta qualidade: Produzido com EVA e uma camada de espuma com densidade ideal, combinando conforto e resist\u00eancia mesmo em treinos intensos. Constru\u00e7\u00e3o robusta: Estrutura em tubos met\u00e1licos fechados, pintura eletrost\u00e1tica espessa com alta ader\u00eancia e travas de seguran\u00e7a emborrachadas \u2014 tudo pensado para oferecer maior prote\u00e7\u00e3o e durabilidade.<\/p>\n","protected":false},"excerpt":{"rendered":"<p>O Melhor Cavalete de P\u00e9lvica do Brasil<\/p>\n","protected":false},"featured_media":3761,"template":"","meta":{"_jf_save_progress":""},"product_brand":[],"product_cat":[26],"product_tag":[],"class_list":{"0":"post-402","1":"product","2":"type-product","3":"status-publish","4":"has-post-thumbnail","6":"product_cat-peso-livre","8":"first","9":"instock","10":"purchasable","11":"product-type-simple"},"_links":{"self":[{"href":"https:\/\/web.gsasites.com.br\/equipamentosipiranga\/wp-json\/wp\/v2\/product\/402","targetHints":{"allow":["GET"]}}],"collection":[{"href":"https:\/\/web.gsasites.com.br\/equipamentosipiranga\/wp-json\/wp\/v2\/product"}],"about":[{"href":"https:\/\/web.gsasites.com.br\/equipamentosipiranga\/wp-json\/wp\/v2\/types\/product"}],"wp:featuredmedia":[{"embeddable":true,"href":"https:\/\/web.gsasites.com.br\/equipamentosipiranga\/wp-json\/wp\/v2\/media\/3761"}],"wp:attachment":[{"href":"https:\/\/web.gsasites.com.br\/equipamentosipiranga\/wp-json\/wp\/v2\/media?parent=402"}],"wp:term":[{"taxonomy":"product_brand","embeddable":true,"href":"https:\/\/web.gsasites.com.br\/equipamentosipiranga\/wp-json\/wp\/v2\/product_brand?post=402"},{"taxonomy":"product_cat","embeddable":true,"href":"https:\/\/web.gsasites.com.br\/equipamentosipiranga\/wp-json\/wp\/v2\/product_cat?post=402"},{"taxonomy":"product_tag","embeddable":true,"href":"https:\/\/web.gsasites.com.br\/equipamentosipiranga\/wp-json\/wp\/v2\/product_tag?post=402"}],"curies":[{"name":"wp","href":"https:\/\/api.w.org\/{rel}","templated":true}]}}