{"id":405,"date":"2025-01-27T19:56:30","date_gmt":"2025-01-27T19:56:30","guid":{"rendered":"https:\/\/web.gsasites.com.br\/equipamentosipiranga\/produto\/dip-triceps-machine-robotico\/"},"modified":"2025-10-24T22:19:15","modified_gmt":"2025-10-24T22:19:15","slug":"dip-triceps-machine-robotico","status":"publish","type":"product","link":"https:\/\/web.gsasites.com.br\/equipamentosipiranga\/produto\/dip-triceps-machine-robotico\/","title":{"rendered":"Dip triceps &#8211; PARALELA TR\u00cdCEPS E ENCOLHIMENTO DE OMBROS"},"content":{"rendered":"<p>Que m\u00e1quina incr\u00edvel! A Ipirangafitness realmente elevou o n\u00edvel com essa conjugada da linha Rob\u00f3tica \u2014 unir tr\u00edceps e trap\u00e9zio em um s\u00f3 equipamento, mantendo a biomec\u00e2nica perfeita dos dois movimentos, \u00e9 uma jogada de mestre.<\/p>\n<p>O resultado? Um design compacto, potente e altamente eficiente, ideal para quem busca desempenho sem abrir m\u00e3o de espa\u00e7o.<\/p>\n","protected":false},"excerpt":{"rendered":"<p>Que m\u00e1quina incr\u00edvel! A Ipirangafitness realmente elevou o n\u00edvel com essa conjugada da linha Rob\u00f3tica \u2014 unir tr\u00edceps e trap\u00e9zio em um s\u00f3 equipamento, mantendo a biomec\u00e2nica perfeita dos dois movimentos, \u00e9 uma jogada de mestre. O resultado? Um design compacto, potente e altamente eficiente, ideal para quem busca desempenho sem abrir m\u00e3o de espa\u00e7o.<\/p>\n","protected":false},"featured_media":3778,"template":"","meta":{"_jf_save_progress":""},"product_brand":[],"product_cat":[27],"product_tag":[],"class_list":{"0":"post-405","1":"product","2":"type-product","3":"status-publish","4":"has-post-thumbnail","6":"product_cat-robotica-alta-performance","8":"first","9":"instock","10":"purchasable","11":"product-type-simple"},"_links":{"self":[{"href":"https:\/\/web.gsasites.com.br\/equipamentosipiranga\/wp-json\/wp\/v2\/product\/405","targetHints":{"allow":["GET"]}}],"collection":[{"href":"https:\/\/web.gsasites.com.br\/equipamentosipiranga\/wp-json\/wp\/v2\/product"}],"about":[{"href":"https:\/\/web.gsasites.com.br\/equipamentosipiranga\/wp-json\/wp\/v2\/types\/product"}],"wp:featuredmedia":[{"embeddable":true,"href":"https:\/\/web.gsasites.com.br\/equipamentosipiranga\/wp-json\/wp\/v2\/media\/3778"}],"wp:attachment":[{"href":"https:\/\/web.gsasites.com.br\/equipamentosipiranga\/wp-json\/wp\/v2\/media?parent=405"}],"wp:term":[{"taxonomy":"product_brand","embeddable":true,"href":"https:\/\/web.gsasites.com.br\/equipamentosipiranga\/wp-json\/wp\/v2\/product_brand?post=405"},{"taxonomy":"product_cat","embeddable":true,"href":"https:\/\/web.gsasites.com.br\/equipamentosipiranga\/wp-json\/wp\/v2\/product_cat?post=405"},{"taxonomy":"product_tag","embeddable":true,"href":"https:\/\/web.gsasites.com.br\/equipamentosipiranga\/wp-json\/wp\/v2\/product_tag?post=405"}],"curies":[{"name":"wp","href":"https:\/\/api.w.org\/{rel}","templated":true}]}}