{"id":409,"date":"2025-01-27T19:56:30","date_gmt":"2025-01-27T19:56:30","guid":{"rendered":"https:\/\/web.gsasites.com.br\/equipamentosipiranga\/produto\/puxador-rolamentado-grande-118-cm-curvado\/"},"modified":"2025-10-24T22:19:15","modified_gmt":"2025-10-24T22:19:15","slug":"puxador-rolamentado-grande-118-cm-curvado","status":"publish","type":"product","link":"https:\/\/web.gsasites.com.br\/equipamentosipiranga\/produto\/puxador-rolamentado-grande-118-cm-curvado\/","title":{"rendered":"Puxador Premium INOX grande pulldonw"},"content":{"rendered":"<p>Ipiranga Fitness apresenta o que h\u00e1 de melhor em PUXADORES do segmento Premium Fitness. Design anat\u00f4mico para m\u00e1xima ergonomia Rolamentos blindados duplos para suavidade e durabilidade Buchas em a\u00e7o inox para resist\u00eancia extrema Pegadas emborrachadas antiderrapantes Acabamento tran\u00e7ado sofisticado e resistente ao suor das m\u00e3os PUXADORES ROLAMENTADOS de alto desempenho.<\/p>\n<p>Enviamos para todo o Brasil! Produtos 100 fabricados pela Ipiranga com qualidade garantida.<\/p>\n","protected":false},"excerpt":{"rendered":"<p>Voce quer Um Puxador Unilateral Diferenciado? Esse Acess\u00f3rio vai turbinar seu treino<\/p>\n","protected":false},"featured_media":3807,"template":"","meta":{"_jf_save_progress":""},"product_brand":[],"product_cat":[28],"product_tag":[],"class_list":{"0":"post-409","1":"product","2":"type-product","3":"status-publish","4":"has-post-thumbnail","6":"product_cat-grips-premium","8":"first","9":"instock","10":"purchasable","11":"product-type-simple"},"_links":{"self":[{"href":"https:\/\/web.gsasites.com.br\/equipamentosipiranga\/wp-json\/wp\/v2\/product\/409","targetHints":{"allow":["GET"]}}],"collection":[{"href":"https:\/\/web.gsasites.com.br\/equipamentosipiranga\/wp-json\/wp\/v2\/product"}],"about":[{"href":"https:\/\/web.gsasites.com.br\/equipamentosipiranga\/wp-json\/wp\/v2\/types\/product"}],"wp:featuredmedia":[{"embeddable":true,"href":"https:\/\/web.gsasites.com.br\/equipamentosipiranga\/wp-json\/wp\/v2\/media\/3807"}],"wp:attachment":[{"href":"https:\/\/web.gsasites.com.br\/equipamentosipiranga\/wp-json\/wp\/v2\/media?parent=409"}],"wp:term":[{"taxonomy":"product_brand","embeddable":true,"href":"https:\/\/web.gsasites.com.br\/equipamentosipiranga\/wp-json\/wp\/v2\/product_brand?post=409"},{"taxonomy":"product_cat","embeddable":true,"href":"https:\/\/web.gsasites.com.br\/equipamentosipiranga\/wp-json\/wp\/v2\/product_cat?post=409"},{"taxonomy":"product_tag","embeddable":true,"href":"https:\/\/web.gsasites.com.br\/equipamentosipiranga\/wp-json\/wp\/v2\/product_tag?post=409"}],"curies":[{"name":"wp","href":"https:\/\/api.w.org\/{rel}","templated":true}]}}