{"id":125,"date":"2025-03-03T16:25:31","date_gmt":"2025-03-03T19:25:31","guid":{"rendered":"https:\/\/web.gsasites.com.br\/vidanova\/?page_id=125"},"modified":"2025-03-18T19:30:34","modified_gmt":"2025-03-18T22:30:34","slug":"equipe","status":"publish","type":"page","link":"https:\/\/web.gsasites.com.br\/vidanova\/equipe\/","title":{"rendered":"Equipe"},"content":{"rendered":"\t\t<div data-elementor-type=\"wp-page\" data-elementor-id=\"125\" class=\"elementor elementor-125\" data-elementor-post-type=\"page\">\n\t\t\t\t<div class=\"elementor-element elementor-element-ef82559 e-flex e-con-boxed e-con e-parent\" data-id=\"ef82559\" data-element_type=\"container\" data-e-type=\"container\" data-settings=\"{&quot;background_background&quot;:&quot;classic&quot;}\">\n\t\t\t\t\t<div class=\"e-con-inner\">\n\t\t\t\t<div class=\"elementor-element elementor-element-9b03a3a elementor-widget elementor-widget-heading\" data-id=\"9b03a3a\" data-element_type=\"widget\" data-e-type=\"widget\" data-widget_type=\"heading.default\">\n\t\t\t\t<div class=\"elementor-widget-container\">\n\t\t\t\t\t<h1 class=\"elementor-heading-title elementor-size-default\">Equipe<\/h1>\t\t\t\t<\/div>\n\t\t\t\t<\/div>\n\t\t\t\t<div class=\"elementor-element elementor-element-b99efb9 elementor-icon-list--layout-inline elementor-align-end elementor-list-item-link-full_width elementor-widget elementor-widget-icon-list\" data-id=\"b99efb9\" data-element_type=\"widget\" data-e-type=\"widget\" data-widget_type=\"icon-list.default\">\n\t\t\t\t<div class=\"elementor-widget-container\">\n\t\t\t\t\t\t\t<ul class=\"elementor-icon-list-items elementor-inline-items\">\n\t\t\t\t\t\t\t<li class=\"elementor-icon-list-item elementor-inline-item\">\n\t\t\t\t\t\t\t\t\t\t\t<a href=\"https:\/\/web.gsasites.com.br\/vidanova\/\">\n\n\t\t\t\t\t\t\t\t\t\t\t<span class=\"elementor-icon-list-text\">Home<\/span>\n\t\t\t\t\t\t\t\t\t\t\t<\/a>\n\t\t\t\t\t\t\t\t\t<\/li>\n\t\t\t\t\t\t\t\t<li class=\"elementor-icon-list-item elementor-inline-item\">\n\t\t\t\t\t\t\t\t\t\t\t<span class=\"elementor-icon-list-icon\">\n\t\t\t\t\t\t\t<svg aria-hidden=\"true\" class=\"e-font-icon-svg e-fas-chevron-right\" viewBox=\"0 0 320 512\" xmlns=\"http:\/\/www.w3.org\/2000\/svg\"><path d=\"M285.476 272.971L91.132 467.314c-9.373 9.373-24.569 9.373-33.941 0l-22.667-22.667c-9.357-9.357-9.375-24.522-.04-33.901L188.505 256 34.484 101.255c-9.335-9.379-9.317-24.544.04-33.901l22.667-22.667c9.373-9.373 24.569-9.373 33.941 0L285.475 239.03c9.373 9.372 9.373 24.568.001 33.941z\"><\/path><\/svg>\t\t\t\t\t\t<\/span>\n\t\t\t\t\t\t\t\t\t\t<span class=\"elementor-icon-list-text\"><\/span>\n\t\t\t\t\t\t\t\t\t<\/li>\n\t\t\t\t\t\t<\/ul>\n\t\t\t\t\t\t<\/div>\n\t\t\t\t<\/div>\n\t\t\t\t\t<\/div>\n\t\t\t\t<\/div>\n\t\t<div class=\"elementor-element elementor-element-57e29a5 e-flex e-con-boxed e-con e-parent\" data-id=\"57e29a5\" data-element_type=\"container\" data-e-type=\"container\" data-settings=\"{&quot;background_background&quot;:&quot;classic&quot;}\">\n\t\t\t\t\t<div class=\"e-con-inner\">\n\t\t<div class=\"elementor-element elementor-element-4eba12b e-con-full e-flex e-con e-child\" data-id=\"4eba12b\" data-element_type=\"container\" data-e-type=\"container\">\n\t\t\t\t<div class=\"elementor-element elementor-element-f38777d elementor-widget elementor-widget-heading\" data-id=\"f38777d\" data-element_type=\"widget\" data-e-type=\"widget\" data-widget_type=\"heading.default\">\n\t\t\t\t<div class=\"elementor-widget-container\">\n\t\t\t\t\t<h2 class=\"elementor-heading-title elementor-size-default\">Nossa Equipe<\/h2>\t\t\t\t<\/div>\n\t\t\t\t<\/div>\n\t\t\t\t<div class=\"elementor-element elementor-element-0df6516 elementor-widget elementor-widget-text-editor\" data-id=\"0df6516\" data-element_type=\"widget\" data-e-type=\"widget\" data-widget_type=\"text-editor.default\">\n\t\t\t\t<div class=\"elementor-widget-container\">\n\t\t\t\t\t\t\t\t\t<p>A Comunidade Vida Nova conta com uma equipe interdisciplinar de profissionais altamente qualificados e comprometidos com o cuidado integral dos participantes. Conhe\u00e7a nossos profissionais e suas fun\u00e7\u00f5es:<\/p>\t\t\t\t\t\t\t\t<\/div>\n\t\t\t\t<\/div>\n\t\t\t\t<\/div>\n\t\t<div class=\"elementor-element elementor-element-44d2a97 e-grid e-con-full e-con e-child\" data-id=\"44d2a97\" data-element_type=\"container\" data-e-type=\"container\">\n\t\t\t\t<div class=\"elementor-element elementor-element-a924f93 elementor-widget elementor-widget-ha-member happy-addon ha-member\" data-id=\"a924f93\" data-element_type=\"widget\" data-e-type=\"widget\" data-widget_type=\"ha-member.default\">\n\t\t\t\t<div class=\"elementor-widget-container\">\n\t\t\t\t\t\n\t\t\t\t\t<figure class=\"ha-member-figure\">\n\t\t\t\t<img fetchpriority=\"high\" decoding=\"async\" width=\"800\" height=\"800\" src=\"https:\/\/web.gsasites.com.br\/vidanova\/wp-content\/uploads\/2025\/03\/DRCESARPSIQUIATRA.jpg\" class=\"elementor-animation-disable-animation attachment-large size-large wp-image-135\" alt=\"\" srcset=\"https:\/\/web.gsasites.com.br\/vidanova\/wp-content\/uploads\/2025\/03\/DRCESARPSIQUIATRA.jpg 1000w, https:\/\/web.gsasites.com.br\/vidanova\/wp-content\/uploads\/2025\/03\/DRCESARPSIQUIATRA-300x300.jpg 300w, https:\/\/web.gsasites.com.br\/vidanova\/wp-content\/uploads\/2025\/03\/DRCESARPSIQUIATRA-150x150.jpg 150w, https:\/\/web.gsasites.com.br\/vidanova\/wp-content\/uploads\/2025\/03\/DRCESARPSIQUIATRA-768x768.jpg 768w\" sizes=\"(max-width: 800px) 100vw, 800px\" \/>\t\t\t<\/figure>\n\t\t\n\t\t<div class=\"ha-member-body\">\n\t\t\t<h3 class=\"ha-member-name\">Dr. C\u00e9sar<\/h3>\n\t\t\t\t\t\t\t<div class=\"ha-member-position\">Psiquiatra<\/div>\n\t\t\t\n\t\t\t\t\t\t\t<div class=\"ha-member-bio\">\n\t\t\t\t\t<p>Respons\u00e1vel por diagn\u00f3sticos e acompanhamento psiqui\u00e1trico, oferece atendimentos individuais e conduz grupos terap\u00eauticos voltados \u00e0 compreens\u00e3o e manejo dos transtornos mentais.<\/p>\n\t\t\t\t<\/div>\n\t\t\t\n\t\t\t\n\t\t\t\n\t\t\t\t\t<\/div>\n\t\t\t\t\t\t<\/div>\n\t\t\t\t<\/div>\n\t\t\t\t<div class=\"elementor-element elementor-element-2a1590c elementor-widget elementor-widget-ha-member happy-addon ha-member\" data-id=\"2a1590c\" data-element_type=\"widget\" data-e-type=\"widget\" data-widget_type=\"ha-member.default\">\n\t\t\t\t<div class=\"elementor-widget-container\">\n\t\t\t\t\t\n\t\t\t\t\t<figure class=\"ha-member-figure\">\n\t\t\t\t<img decoding=\"async\" width=\"800\" height=\"800\" src=\"https:\/\/web.gsasites.com.br\/vidanova\/wp-content\/uploads\/2025\/03\/SANDRAPSICOLOGA.jpg\" class=\"elementor-animation-disable-animation attachment-large size-large wp-image-134\" alt=\"\" srcset=\"https:\/\/web.gsasites.com.br\/vidanova\/wp-content\/uploads\/2025\/03\/SANDRAPSICOLOGA.jpg 1000w, https:\/\/web.gsasites.com.br\/vidanova\/wp-content\/uploads\/2025\/03\/SANDRAPSICOLOGA-300x300.jpg 300w, https:\/\/web.gsasites.com.br\/vidanova\/wp-content\/uploads\/2025\/03\/SANDRAPSICOLOGA-150x150.jpg 150w, https:\/\/web.gsasites.com.br\/vidanova\/wp-content\/uploads\/2025\/03\/SANDRAPSICOLOGA-768x768.jpg 768w\" sizes=\"(max-width: 800px) 100vw, 800px\" \/>\t\t\t<\/figure>\n\t\t\n\t\t<div class=\"ha-member-body\">\n\t\t\t<h3 class=\"ha-member-name\">Sandra Carnieri<\/h3>\n\t\t\t\t\t\t\t<div class=\"ha-member-position\">Psic\u00f3loga<\/div>\n\t\t\t\n\t\t\t\t\t\t\t<div class=\"ha-member-bio\">\n\t\t\t\t\t<p>Conduz psicoterapia individual e de grupo, ajudando os participantes a superar traumas, desenvolver estrat\u00e9gias saud\u00e1veis de enfrentamento e ressignificar suas experi\u00eancias de vida.<\/p>\n\t\t\t\t<\/div>\n\t\t\t\n\t\t\t\n\t\t\t\n\t\t\t\t\t<\/div>\n\t\t\t\t\t\t<\/div>\n\t\t\t\t<\/div>\n\t\t\t\t<div class=\"elementor-element elementor-element-52da700 elementor-widget elementor-widget-ha-member happy-addon ha-member\" data-id=\"52da700\" data-element_type=\"widget\" data-e-type=\"widget\" data-widget_type=\"ha-member.default\">\n\t\t\t\t<div class=\"elementor-widget-container\">\n\t\t\t\t\t\n\t\t\t\t\t<figure class=\"ha-member-figure\">\n\t\t\t\t<img decoding=\"async\" width=\"800\" height=\"800\" src=\"https:\/\/web.gsasites.com.br\/vidanova\/wp-content\/uploads\/2025\/03\/RodrigoPsicologo.jpg\" class=\"elementor-animation-disable-animation attachment-large size-large wp-image-132\" alt=\"\" srcset=\"https:\/\/web.gsasites.com.br\/vidanova\/wp-content\/uploads\/2025\/03\/RodrigoPsicologo.jpg 1000w, https:\/\/web.gsasites.com.br\/vidanova\/wp-content\/uploads\/2025\/03\/RodrigoPsicologo-300x300.jpg 300w, https:\/\/web.gsasites.com.br\/vidanova\/wp-content\/uploads\/2025\/03\/RodrigoPsicologo-150x150.jpg 150w, https:\/\/web.gsasites.com.br\/vidanova\/wp-content\/uploads\/2025\/03\/RodrigoPsicologo-768x768.jpg 768w\" sizes=\"(max-width: 800px) 100vw, 800px\" \/>\t\t\t<\/figure>\n\t\t\n\t\t<div class=\"ha-member-body\">\n\t\t\t<h3 class=\"ha-member-name\">Rodrigo<\/h3>\n\t\t\t\t\t\t\t<div class=\"ha-member-position\">Psic\u00f3logo e Instrutor de Yoga<\/div>\n\t\t\t\n\t\t\t\t\t\t\t<div class=\"ha-member-bio\">\n\t\t\t\t\t<p>Trabalha com interven\u00e7\u00f5es terap\u00eauticas em grupo e integra a pr\u00e1tica de Yoga como ferramenta de al\u00edvio do estresse, autoconhecimento e equil\u00edbrio emocional.\n<\/p>\n\t\t\t\t<\/div>\n\t\t\t\n\t\t\t\n\t\t\t\n\t\t\t\t\t<\/div>\n\t\t\t\t\t\t<\/div>\n\t\t\t\t<\/div>\n\t\t\t\t<div class=\"elementor-element elementor-element-c2b7f31 elementor-widget elementor-widget-ha-member happy-addon ha-member\" data-id=\"c2b7f31\" data-element_type=\"widget\" data-e-type=\"widget\" data-widget_type=\"ha-member.default\">\n\t\t\t\t<div class=\"elementor-widget-container\">\n\t\t\t\t\t\n\t\t\t\t\t<figure class=\"ha-member-figure\">\n\t\t\t\t<img loading=\"lazy\" decoding=\"async\" width=\"800\" height=\"863\" src=\"https:\/\/web.gsasites.com.br\/vidanova\/wp-content\/uploads\/2025\/03\/nutricionista-min-949x1024.jpeg\" class=\"elementor-animation-disable-animation attachment-large size-large wp-image-139\" alt=\"\" srcset=\"https:\/\/web.gsasites.com.br\/vidanova\/wp-content\/uploads\/2025\/03\/nutricionista-min-949x1024.jpeg 949w, https:\/\/web.gsasites.com.br\/vidanova\/wp-content\/uploads\/2025\/03\/nutricionista-min-278x300.jpeg 278w, https:\/\/web.gsasites.com.br\/vidanova\/wp-content\/uploads\/2025\/03\/nutricionista-min-768x829.jpeg 768w, https:\/\/web.gsasites.com.br\/vidanova\/wp-content\/uploads\/2025\/03\/nutricionista-min.jpeg 1186w\" sizes=\"(max-width: 800px) 100vw, 800px\" \/>\t\t\t<\/figure>\n\t\t\n\t\t<div class=\"ha-member-body\">\n\t\t\t<h3 class=\"ha-member-name\">Thayse<\/h3>\n\t\t\t\t\t\t\t<div class=\"ha-member-position\">Nutricionista<\/div>\n\t\t\t\n\t\t\t\t\t\t\t<div class=\"ha-member-bio\">\n\t\t\t\t\t<p>Elabora planos alimentares personalizados e oferece orienta\u00e7\u00f5es nutricionais em atendimentos individuais e de grupo, promovendo sa\u00fade f\u00edsica e bem-estar.\n<\/p>\n\t\t\t\t<\/div>\n\t\t\t\n\t\t\t\n\t\t\t\n\t\t\t\t\t<\/div>\n\t\t\t\t\t\t<\/div>\n\t\t\t\t<\/div>\n\t\t\t\t<div class=\"elementor-element elementor-element-6888250 elementor-widget elementor-widget-ha-member happy-addon ha-member\" data-id=\"6888250\" data-element_type=\"widget\" data-e-type=\"widget\" data-widget_type=\"ha-member.default\">\n\t\t\t\t<div class=\"elementor-widget-container\">\n\t\t\t\t\t\n\t\t\t\t\t<figure class=\"ha-member-figure\">\n\t\t\t\t<img loading=\"lazy\" decoding=\"async\" width=\"576\" height=\"1024\" src=\"https:\/\/web.gsasites.com.br\/vidanova\/wp-content\/uploads\/2025\/03\/CacauArteTerapia-min-576x1024.jpeg\" class=\"elementor-animation-disable-animation attachment-large size-large wp-image-138\" alt=\"\" srcset=\"https:\/\/web.gsasites.com.br\/vidanova\/wp-content\/uploads\/2025\/03\/CacauArteTerapia-min-576x1024.jpeg 576w, https:\/\/web.gsasites.com.br\/vidanova\/wp-content\/uploads\/2025\/03\/CacauArteTerapia-min-169x300.jpeg 169w, https:\/\/web.gsasites.com.br\/vidanova\/wp-content\/uploads\/2025\/03\/CacauArteTerapia-min.jpeg 594w\" sizes=\"(max-width: 576px) 100vw, 576px\" \/>\t\t\t<\/figure>\n\t\t\n\t\t<div class=\"ha-member-body\">\n\t\t\t<h3 class=\"ha-member-name\">Cacau<\/h3>\n\t\t\t\t\t\t\t<div class=\"ha-member-position\">Arteterapeuta<\/div>\n\t\t\t\n\t\t\t\t\t\t\t<div class=\"ha-member-bio\">\n\t\t\t\t\t<p>Facilita oficinas criativas que incentivam a express\u00e3o emocional, a autoexplora\u00e7\u00e3o e o fortalecimento da autoestima por meio das artes.\n<\/p>\n\t\t\t\t<\/div>\n\t\t\t\n\t\t\t\n\t\t\t\n\t\t\t\t\t<\/div>\n\t\t\t\t\t\t<\/div>\n\t\t\t\t<\/div>\n\t\t\t\t<div class=\"elementor-element elementor-element-b500fbf elementor-widget elementor-widget-ha-member happy-addon ha-member\" data-id=\"b500fbf\" data-element_type=\"widget\" data-e-type=\"widget\" data-widget_type=\"ha-member.default\">\n\t\t\t\t<div class=\"elementor-widget-container\">\n\t\t\t\t\t\n\t\t\t\t\t<figure class=\"ha-member-figure\">\n\t\t\t\t<img loading=\"lazy\" decoding=\"async\" width=\"768\" height=\"1024\" src=\"https:\/\/web.gsasites.com.br\/vidanova\/wp-content\/uploads\/2025\/03\/luiseducadorfisico-min-768x1024.jpeg\" class=\"elementor-animation-disable-animation attachment-large size-large wp-image-137\" alt=\"\" srcset=\"https:\/\/web.gsasites.com.br\/vidanova\/wp-content\/uploads\/2025\/03\/luiseducadorfisico-min-768x1024.jpeg 768w, https:\/\/web.gsasites.com.br\/vidanova\/wp-content\/uploads\/2025\/03\/luiseducadorfisico-min-225x300.jpeg 225w, https:\/\/web.gsasites.com.br\/vidanova\/wp-content\/uploads\/2025\/03\/luiseducadorfisico-min.jpeg 960w\" sizes=\"(max-width: 768px) 100vw, 768px\" \/>\t\t\t<\/figure>\n\t\t\n\t\t<div class=\"ha-member-body\">\n\t\t\t<h3 class=\"ha-member-name\">Luis<\/h3>\n\t\t\t\t\t\t\t<div class=\"ha-member-position\">Educador F\u00edsico<\/div>\n\t\t\t\n\t\t\t\t\t\t\t<div class=\"ha-member-bio\">\n\t\t\t\t\t<p>Coordena atividades f\u00edsicas supervisionadas, incluindo esportes e exerc\u00edcios voltados \u00e0 melhoria da sa\u00fade f\u00edsica, al\u00edvio do estresse e bem-estar geral.\n<\/p>\n\t\t\t\t<\/div>\n\t\t\t\n\t\t\t\n\t\t\t\n\t\t\t\t\t<\/div>\n\t\t\t\t\t\t<\/div>\n\t\t\t\t<\/div>\n\t\t\t\t<div class=\"elementor-element elementor-element-cd9bb9c elementor-widget elementor-widget-ha-member happy-addon ha-member\" data-id=\"cd9bb9c\" data-element_type=\"widget\" data-e-type=\"widget\" data-widget_type=\"ha-member.default\">\n\t\t\t\t<div class=\"elementor-widget-container\">\n\t\t\t\t\t\n\t\t\t\t\t<figure class=\"ha-member-figure\">\n\t\t\t\t<img loading=\"lazy\" decoding=\"async\" width=\"800\" height=\"800\" src=\"https:\/\/web.gsasites.com.br\/vidanova\/wp-content\/uploads\/2025\/03\/GbondoAgbabiteREMY.jpg\" class=\"elementor-animation-disable-animation attachment-large size-large wp-image-133\" alt=\"\" srcset=\"https:\/\/web.gsasites.com.br\/vidanova\/wp-content\/uploads\/2025\/03\/GbondoAgbabiteREMY.jpg 1000w, https:\/\/web.gsasites.com.br\/vidanova\/wp-content\/uploads\/2025\/03\/GbondoAgbabiteREMY-300x300.jpg 300w, https:\/\/web.gsasites.com.br\/vidanova\/wp-content\/uploads\/2025\/03\/GbondoAgbabiteREMY-150x150.jpg 150w, https:\/\/web.gsasites.com.br\/vidanova\/wp-content\/uploads\/2025\/03\/GbondoAgbabiteREMY-768x768.jpg 768w\" sizes=\"(max-width: 800px) 100vw, 800px\" \/>\t\t\t<\/figure>\n\t\t\n\t\t<div class=\"ha-member-body\">\n\t\t\t<h3 class=\"ha-member-name\">Remy<\/h3>\n\t\t\t\t\t\t\t<div class=\"ha-member-position\">Coordenador e Facilitador dos 12 Passos<\/div>\n\t\t\t\n\t\t\t\t\t\t\t<div class=\"ha-member-bio\">\n\t\t\t\t\t<p>Conduz grupos de reflex\u00e3o baseados nos 12 passos, oferecendo suporte emocional e incentivo \u00e0 manuten\u00e7\u00e3o da sobriedade e ao crescimento pessoal.\n<\/p>\n\t\t\t\t<\/div>\n\t\t\t\n\t\t\t\n\t\t\t\n\t\t\t\t\t<\/div>\n\t\t\t\t\t\t<\/div>\n\t\t\t\t<\/div>\n\t\t\t\t<div class=\"elementor-element elementor-element-7a9e53c elementor-widget elementor-widget-ha-member happy-addon ha-member\" data-id=\"7a9e53c\" data-element_type=\"widget\" data-e-type=\"widget\" data-widget_type=\"ha-member.default\">\n\t\t\t\t<div class=\"elementor-widget-container\">\n\t\t\t\t\t\n\t\t\t\t\t<figure class=\"ha-member-figure\">\n\t\t\t\t<img loading=\"lazy\" decoding=\"async\" width=\"768\" height=\"1024\" src=\"https:\/\/web.gsasites.com.br\/vidanova\/wp-content\/uploads\/2025\/03\/padre-John-Gallagher-768x1024.jpeg\" class=\"elementor-animation-disable-animation attachment-large size-large wp-image-941\" alt=\"\" srcset=\"https:\/\/web.gsasites.com.br\/vidanova\/wp-content\/uploads\/2025\/03\/padre-John-Gallagher-768x1024.jpeg 768w, https:\/\/web.gsasites.com.br\/vidanova\/wp-content\/uploads\/2025\/03\/padre-John-Gallagher-225x300.jpeg 225w, https:\/\/web.gsasites.com.br\/vidanova\/wp-content\/uploads\/2025\/03\/padre-John-Gallagher.jpeg 960w\" sizes=\"(max-width: 768px) 100vw, 768px\" \/>\t\t\t<\/figure>\n\t\t\n\t\t<div class=\"ha-member-body\">\n\t\t\t<h3 class=\"ha-member-name\">John Gallager<\/h3>\n\t\t\t\t\t\t\t<div class=\"ha-member-position\">Padre Redentorista e Psic\u00f3logo<\/div>\n\t\t\t\n\t\t\t\t\t\t\t<div class=\"ha-member-bio\">\n\t\t\t\t\t<p>Especialista em espiritualidade, lidera grupos terap\u00eauticos e oferece suporte focado na renova\u00e7\u00e3o da f\u00e9 e no aprofundamento do sentido vocacional.\n<\/p>\n\t\t\t\t<\/div>\n\t\t\t\n\t\t\t\n\t\t\t\n\t\t\t\t\t<\/div>\n\t\t\t\t\t\t<\/div>\n\t\t\t\t<\/div>\n\t\t\t\t<div class=\"elementor-element elementor-element-da6dd76 elementor-widget elementor-widget-ha-member happy-addon ha-member\" data-id=\"da6dd76\" data-element_type=\"widget\" data-e-type=\"widget\" data-widget_type=\"ha-member.default\">\n\t\t\t\t<div class=\"elementor-widget-container\">\n\t\t\t\t\t\n\t\t\t\t\t<figure class=\"ha-member-figure\">\n\t\t\t\t<img loading=\"lazy\" decoding=\"async\" width=\"768\" height=\"1024\" src=\"https:\/\/web.gsasites.com.br\/vidanova\/wp-content\/uploads\/2025\/03\/ir.-alberto-768x1024.jpeg\" class=\"elementor-animation-disable-animation attachment-large size-large wp-image-942\" alt=\"\" srcset=\"https:\/\/web.gsasites.com.br\/vidanova\/wp-content\/uploads\/2025\/03\/ir.-alberto-768x1024.jpeg 768w, https:\/\/web.gsasites.com.br\/vidanova\/wp-content\/uploads\/2025\/03\/ir.-alberto-225x300.jpeg 225w, https:\/\/web.gsasites.com.br\/vidanova\/wp-content\/uploads\/2025\/03\/ir.-alberto.jpeg 960w\" sizes=\"(max-width: 768px) 100vw, 768px\" \/>\t\t\t<\/figure>\n\t\t\n\t\t<div class=\"ha-member-body\">\n\t\t\t<h3 class=\"ha-member-name\">Ir. Alberto<\/h3>\n\t\t\t\t\t\t\t<div class=\"ha-member-position\">Diretor e Psic\u00f3logo<\/div>\n\t\t\t\n\t\t\t\t\t\t\t<div class=\"ha-member-bio\">\n\t\t\t\t\t<p>\nRespons\u00e1vel pela gest\u00e3o da Comunidade, conduz atendimentos de grupo e integra as estrat\u00e9gias terap\u00eauticas com uma vis\u00e3o pastoral e psicol\u00f3gica abrangente.\n<\/p>\n\t\t\t\t<\/div>\n\t\t\t\n\t\t\t\n\t\t\t\n\t\t\t\t\t<\/div>\n\t\t\t\t\t\t<\/div>\n\t\t\t\t<\/div>\n\t\t\t\t<div class=\"elementor-element elementor-element-0e42b5f elementor-widget elementor-widget-ha-member happy-addon ha-member\" data-id=\"0e42b5f\" data-element_type=\"widget\" data-e-type=\"widget\" data-widget_type=\"ha-member.default\">\n\t\t\t\t<div class=\"elementor-widget-container\">\n\t\t\t\t\t\n\t\t\t\t\t<figure class=\"ha-member-figure\">\n\t\t\t\t<img loading=\"lazy\" decoding=\"async\" width=\"800\" height=\"800\" src=\"https:\/\/web.gsasites.com.br\/vidanova\/wp-content\/uploads\/2025\/03\/marciaAssistenteSocia.jpg\" class=\"elementor-animation-disable-animation attachment-large size-large wp-image-131\" alt=\"\" srcset=\"https:\/\/web.gsasites.com.br\/vidanova\/wp-content\/uploads\/2025\/03\/marciaAssistenteSocia.jpg 1000w, https:\/\/web.gsasites.com.br\/vidanova\/wp-content\/uploads\/2025\/03\/marciaAssistenteSocia-300x300.jpg 300w, https:\/\/web.gsasites.com.br\/vidanova\/wp-content\/uploads\/2025\/03\/marciaAssistenteSocia-150x150.jpg 150w, https:\/\/web.gsasites.com.br\/vidanova\/wp-content\/uploads\/2025\/03\/marciaAssistenteSocia-768x768.jpg 768w\" sizes=\"(max-width: 800px) 100vw, 800px\" \/>\t\t\t<\/figure>\n\t\t\n\t\t<div class=\"ha-member-body\">\n\t\t\t<h3 class=\"ha-member-name\">M\u00e1rcia<\/h3>\n\t\t\t\t\t\t\t<div class=\"ha-member-position\">Assistente Social<\/div>\n\t\t\t\n\t\t\t\t\t\t\t<div class=\"ha-member-bio\">\n\t\t\t\t\t<p>Atua prestando suporte social aos participantes, ajudando na articula\u00e7\u00e3o de redes de apoio e promovendo o acesso a direitos e servi\u00e7os essenciais.\n<\/p>\n\t\t\t\t<\/div>\n\t\t\t\n\t\t\t\n\t\t\t\n\t\t\t\t\t<\/div>\n\t\t\t\t\t\t<\/div>\n\t\t\t\t<\/div>\n\t\t\t\t<div class=\"elementor-element elementor-element-419c20f elementor-widget elementor-widget-ha-member happy-addon ha-member\" data-id=\"419c20f\" data-element_type=\"widget\" data-e-type=\"widget\" data-widget_type=\"ha-member.default\">\n\t\t\t\t<div class=\"elementor-widget-container\">\n\t\t\t\t\t\n\t\t\t\t\t<figure class=\"ha-member-figure\">\n\t\t\t\t<img loading=\"lazy\" decoding=\"async\" width=\"768\" height=\"1024\" src=\"https:\/\/web.gsasites.com.br\/vidanova\/wp-content\/uploads\/2025\/03\/PresidentepadreEdileiRosaSilva-min.jpg\" class=\"elementor-animation-disable-animation attachment-large size-large wp-image-136\" alt=\"\" srcset=\"https:\/\/web.gsasites.com.br\/vidanova\/wp-content\/uploads\/2025\/03\/PresidentepadreEdileiRosaSilva-min.jpg 768w, https:\/\/web.gsasites.com.br\/vidanova\/wp-content\/uploads\/2025\/03\/PresidentepadreEdileiRosaSilva-min-225x300.jpg 225w\" sizes=\"(max-width: 768px) 100vw, 768px\" \/>\t\t\t<\/figure>\n\t\t\n\t\t<div class=\"ha-member-body\">\n\t\t\t<h3 class=\"ha-member-name\">Padre Edilei Rosa CSSR<\/h3>\n\t\t\t\t\t\t\t<div class=\"ha-member-position\">Presidente da Institui\u00e7\u00e3o<\/div>\n\t\t\t\n\t\t\t\t\t\t\t<div class=\"ha-member-bio\">\n\t\t\t\t\t<p>Mission\u00e1rio Redentorista, atua como Presidente da Comunidade Vida Nova, assegurando que a miss\u00e3o e os valores institucionais sejam vividos plenamente em cada aspecto do trabalho realizado.<\/p>\n\t\t\t\t<\/div>\n\t\t\t\n\t\t\t\n\t\t\t\n\t\t\t\t\t<\/div>\n\t\t\t\t\t\t<\/div>\n\t\t\t\t<\/div>\n\t\t\t\t<\/div>\n\t\t\t\t\t<\/div>\n\t\t\t\t<\/div>\n\t\t\t\t<\/div>\n\t\t","protected":false},"excerpt":{"rendered":"<p>Home Nossa Equipe A Comunidade Vida Nova conta com uma equipe interdisciplinar de profissionais altamente qualificados e comprometidos com o cuidado integral dos participantes. Conhe\u00e7a nossos profissionais e suas fun\u00e7\u00f5es: Dr. C\u00e9sar Psiquiatra Respons\u00e1vel por diagn\u00f3sticos e acompanhamento psiqui\u00e1trico, oferece atendimentos individuais e conduz grupos terap\u00eauticos voltados \u00e0 compreens\u00e3o e manejo dos transtornos mentais. Sandra [&hellip;]<\/p>\n","protected":false},"author":2,"featured_media":0,"parent":0,"menu_order":0,"comment_status":"closed","ping_status":"closed","template":"","meta":{"footnotes":""},"class_list":["post-125","page","type-page","status-publish","hentry"],"_links":{"self":[{"href":"https:\/\/web.gsasites.com.br\/vidanova\/wp-json\/wp\/v2\/pages\/125","targetHints":{"allow":["GET"]}}],"collection":[{"href":"https:\/\/web.gsasites.com.br\/vidanova\/wp-json\/wp\/v2\/pages"}],"about":[{"href":"https:\/\/web.gsasites.com.br\/vidanova\/wp-json\/wp\/v2\/types\/page"}],"author":[{"embeddable":true,"href":"https:\/\/web.gsasites.com.br\/vidanova\/wp-json\/wp\/v2\/users\/2"}],"replies":[{"embeddable":true,"href":"https:\/\/web.gsasites.com.br\/vidanova\/wp-json\/wp\/v2\/comments?post=125"}],"version-history":[{"count":27,"href":"https:\/\/web.gsasites.com.br\/vidanova\/wp-json\/wp\/v2\/pages\/125\/revisions"}],"predecessor-version":[{"id":945,"href":"https:\/\/web.gsasites.com.br\/vidanova\/wp-json\/wp\/v2\/pages\/125\/revisions\/945"}],"wp:attachment":[{"href":"https:\/\/web.gsasites.com.br\/vidanova\/wp-json\/wp\/v2\/media?parent=125"}],"curies":[{"name":"wp","href":"https:\/\/api.w.org\/{rel}","templated":true}]}}